f 17491?
1
What is the thousands digit of 1105?
1
What is the units digit of 63124?
4
What is the tens digit of 2878?
7
What is the hundreds digit of 259?
2
What is the units digit of 21006?
6
What is the units digit of 40200?
0
What is the units digit of 20668?
8
What is the thousands digit of 30913?
0
What is the ten thousands digit of 10012?
1
What is the units digit of 96051?
1
What is the hundreds digit of 1515?
5
What is the ten thousands digit of 61070?
6
What is the hundreds digit of 1149?
1
What is the hundreds digit of 1352?
3
What is the ten thousands digit of 12700?
1
What is the thousands digit of 1086?
1
What is the hundreds digit of 7508?
5
What is the tens digit of 34367?
6
What is the thousands digit of 12917?
2
What is the hundreds digit of 1763?
7
What is the hundreds digit of 3801?
8
What is the tens digit of 15824?
2
What is the thousands digit of 6213?
6
What is the tens digit of 4401?
0
What is the hundreds digit of 3794?
7
What is the thousands digit of 16800?
6
What is the tens digit of 16869?
6
What is the units digit of 831?
1
What is the tens digit of 41873?
7
What is the hundreds digit of 952?
9
What is the thousands digit of 11770?
1
What is the tens digit of 5544?
4
What is the hundreds digit of 29485?
4
What is the hundreds digit of 27302?
3
What is the units digit of 128069?
9
What is the hundreds digit of 1830?
8
What is the hundreds digit of 53659?
6
What is the units digit of 3715?
5
What is the tens digit of 2215?
1
What is the hundreds digit of 11567?
5
What is the hundreds digit of 226?
2
What is the thousands digit of 2935?
2
What is the tens digit of 498?
9
What is the thousands digit of 2015?
2
What is the thousands digit of 116650?
6
What is the tens digit of 676?
7
What is the ten thousands digit of 73861?
7
What is the units digit of 18675?
5
What is the thousands digit of 23367?
3
What is the tens digit of 1868?
6
What is the tens digit of 175?
7
What is the hundreds digit of 750?
7
What is the hundreds digit of 9447?
4
What is the hundreds digit of 8610?
6
What is the hundreds digit of 51206?
2
What is the tens digit of 17787?
8
What is the hundreds digit of 164?
1
What is the hundreds digit of 8105?
1
What is the tens digit of 377?
7
What is the tens digit of 1926?
2
What is the tens digit of 8653?
5
What is the hundreds digit of 2398?
3
What is the ten thousands digit of 58898?
5
What is the hundreds digit of 674?
6
What is the tens digit of 2034?
3
What is the tens digit of 13192?
9
What is the thousands digit of 12262?
2
What is the thousands digit of 4439?
4
What is the hundreds digit of 380?
3
What is the units digit of 784?
4
What is the hundreds digit of 1184?
1
What is the tens digit of 119971?
7
What is the hundreds digit of 28665?
6
What is the hundreds digit of 443?
4
What is the hundreds digit of 225?
2
What is the thousands digit of 4245?
4
What is the hundreds digit of 1620?
6
What is the hundreds digit of 5072?
0
What is the units digit of 3628?
8
What is the ten thousands digit of 83796?
8
What is the tens digit of 109706?
0
What is the units digit of 21809?
9
What is the tens digit of 2065?
6
What is the ten thousands digit of 180180?
8
What is the thousands digit of 8332?
8
What is the tens digit of 86?
8
What is the units digit of 52581?
1
What is the tens digit of 6093?
9
What is the thousands digit of 74382?
4
What is the units digit of 33165?
5
What is the tens digit of 21295?
9
What is the thousands digit of 3886?
3
What is the thousands digit of 1224?
1
What is the hundreds digit of 7056?
0
What is the ten thousands digit of 46265?
4
What is the tens digit of 25683?
8
What is the tens digit of 5559?
5
What is the tens digit of 69?
6
What is the ten thousands digit of 33177?
3
What is the tens digit of 5751?
5
What is the units digit of 759?
9
What is the tens digit of 1759?
5
What is the units digit of 1722?
2
What is the ten thousands digit of 12034?
1
What is the units digit of 2511?
1
What is the hundreds digit of 169?
1
What is the ten thousands digit of 17840?
1
What is the thousands digit of 2475?
2
What is the tens digit of 8870?
7
What is the thousands digit of 15528?
5
What is the tens digit of 47500?
0
What is the units digit of 403?
3
What is the tens digit of 63279?
7
What is the tens digit of 877?
7
What is the hundreds digit of 50080?
0
What is the ten thousands digit of 86598?
8
What is the units digit of 889?
9
What is the hundreds digit of 1086?
0
What is the thousands digit of 3787?
3
What is the thousands digit of 1147?
1
What is the units digit of 4336?
6
What is the hundreds digit of 74753?
7
What is the ten thousands digit of 91083?
9
What is the units digit of 358?
8
What is the thousands digit of 4026?
4
What is the thousands digit of 1607?
1
What is the units digit of 587?
7
What is the hundreds digit of 1405?
4
What is the tens digit of 66567?
6
What is the tens digit of 30815?
1
What is the hundreds digit of 2889?
8
What is the units digit of 92896?
6
What is the thousands digit of 79957?
9
What is the tens digit of 42955?
5
What is the thousands digit of 2425?
2
What is the ten thousands digit of 29848?
2
What is the units digit of 105876?
6
What is the units digit of 27820?
0
What is the hundreds digit of 78405?
4
What is the tens digit of 13?
1
What is the hundreds digit of 1051?
0
What is the tens digit of 1504?
0
What is the tens digit of 605?
0
What is the hundreds digit of 643?
6
What is the hundreds digit of 27704?
7
What is the units digit of 614?
4
What is the tens digit of 4390?
9
What is the hundreds digit of 14993?
9
What is the ten thousands digit of 101517?
0
What is the hundreds digit of 12694?
6
What is the thousands digit of 55740?
5
What is the thousands digit of 3008?
3
What is the hundreds digit of 2291?
2
What is the units digit of 87825?
5
What is the tens digit of 436?
3
What is the thousands digit of 1489?
1
What is the hundreds digit of 57189?
1
What is the thousands digit of 5698?
5
What is the units digit of 39651?
1
What is the tens digit of 79860?
6
What is the tens digit of 1685?
8
What is the units digit of 1702?
2
What is the tens digit of 41230?
3
What is the tens digit of 42?
4
What is the thousands digit of 2526?
2
What is the ten thousands digit of 23562?
2
What is the thousands digit of 1846?
1
What is the ten thousands digit of 23908?
2
What is the thousands digit of 1282?
1
What is the hundreds digit of 1092?
0
What is the hundreds digit of 1731?
7
What is the thousands digit of 2454?
2
What is the hundreds digit of 1328?
3
What is the tens digit of 13546?
4
What is the tens digit of 1680?
8
What is the tens digit of 21075?
7
What is the thousands digit of 10459?
0
What is the ten thousands digit of 15046?
1
What is the thousands digit of 10113?
0
What is the thousands digit of 3106?
3
What is the hundreds digit of 26700?
7
What is the hundreds digit of 2695?
6
What is the tens digit of 46120?
2
What is the tens digit of 3282?
8
What is the thousands digit of 2796?
2
What is the units digit of 8725?
5
What is the units digit of 1001?
1
What is the units digit of 38089?
9
What is the tens digit of 35532?
3
What is the units digit of 3824?
4
What is the units digit of 466?
6
What is the units digit of 3175?
5
What is the units digit of 916?
6
What is the hundreds digit of 7013?
0
What is the tens digit of 3948?
4
What is the units digit of 40686?
6
What is the units digit of 2537?
7
What is the tens digit of 1476?
7
What is the tens digit of 44584?
8
What is the units digit of 399?
9
What is the hundreds digit of 1238?
2
What is the thousands digit of 3160?
3
What is the ten thousands digit of 27328?
2
What is the ten thousands digit of 11021?
1
What is the units digit of 4063?
3
What is the hundreds digit of 4298?
2
What is the units digit of 6981?
1
What is the hundreds digit of 34116?
1
What is the tens digit of 4846?
4
What is the units digit of 4958?
8
What is the thousands digit of 172272?
2
What is the ten thousands digit of 15689?
1
What is the hundreds digit of 147?
1
What is the hundreds digit of 54039?
0
What is the ten thousands digit of 72411?
7
What is the hundreds digit of 50159?
1
What is the thousands digit of 12476?
2
What is the thousands digit of 73638?
3
What is the thousands digit o